{"id":24,"date":"2022-11-24T11:45:14","date_gmt":"2022-11-24T11:45:14","guid":{"rendered":"https:\/\/www.tanjaknoblauch.com\/?page_id=24"},"modified":"2024-05-21T11:52:27","modified_gmt":"2024-05-21T11:52:27","slug":"ueber-mich","status":"publish","type":"page","link":"https:\/\/www.tanjaknoblauch.com\/index.php\/ueber-mich\/","title":{"rendered":"\u00dcber mich"},"content":{"rendered":"\n<figure class=\"wp-block-image size-large\"><img loading=\"lazy\" decoding=\"async\" width=\"1024\" height=\"683\" src=\"https:\/\/www.tanjaknoblauch.com\/wp-content\/uploads\/2023\/06\/8B9A2782-22_c-Lieb-1_c-Lieb-1024x683.jpg\" alt=\"\" class=\"wp-image-140\" srcset=\"https:\/\/www.tanjaknoblauch.com\/wp-content\/uploads\/2023\/06\/8B9A2782-22_c-Lieb-1_c-Lieb-1024x683.jpg 1024w, https:\/\/www.tanjaknoblauch.com\/wp-content\/uploads\/2023\/06\/8B9A2782-22_c-Lieb-1_c-Lieb-300x200.jpg 300w, https:\/\/www.tanjaknoblauch.com\/wp-content\/uploads\/2023\/06\/8B9A2782-22_c-Lieb-1_c-Lieb-768x512.jpg 768w, https:\/\/www.tanjaknoblauch.com\/wp-content\/uploads\/2023\/06\/8B9A2782-22_c-Lieb-1_c-Lieb-1536x1024.jpg 1536w, https:\/\/www.tanjaknoblauch.com\/wp-content\/uploads\/2023\/06\/8B9A2782-22_c-Lieb-1_c-Lieb-2048x1365.jpg 2048w\" sizes=\"auto, (max-width: 1024px) 100vw, 1024px\" \/><\/figure>\n\n\n\n<p class=\"has-white-color has-text-color\"><\/p>\n\n\n\n<p class=\"has-white-color has-text-color\">Meine tiefe Liebe zur Musik und mein musikalischer Lebensweg begr\u00fcndet sich auf einen Erweckungsmoment, den ich im Alter von drei Jahren in einer H\u00f6hle in Mallorca erlebte: Inmitten der mystischen Landschaft der Tropfsteinh\u00f6hle Coves d\u02cbArt\u00e0 erklang die Musik eines Saiteninstruments und ber\u00fchrte mein Herz und meine Seele derart, dass ich mir von da an gewiss war, mein Leben der Musik und der Gitarre zu widmen.<\/p>\n\n\n\n<p class=\"has-white-color has-text-color\">Allerdings dauerte es noch einige Jahre, bis mein damaliger Volksschullehrer \u2013 selbst ein passionierter Gitarrist \u2013 mein Talent erkannte und mich und meine Familie ermutigte, dieses zu f\u00f6rdern und meinen Traum zu leben.&nbsp;Nach mehreren Jahren Privatunterricht f\u00fchrte mich mein Weg als 16-j\u00e4hrige Jungstudentin an die Musikakademie Basel, wo ich in den folgenden 8 Jahren klassische Gitarre studierte und das Lehr- und Konzertdiplom erlangte.<\/p>\n\n\n\n<p class=\"has-white-color has-text-color\">Seit jeher war ich auch von anderen Zupfinstrumenten aller Art fasziniert und tauchte immer wieder in den Klangkosmos anderer Kulturen ein, indem ich mich an Instrumenten wie der arabischen Laute (Oud), der indischen Sitar und der afrikanischen Ngoni weiterbildete. <\/p>\n\n\n\n<p class=\"has-white-color has-text-color\">In den letzten Jahren entdeckte ich meine Liebe zur alten Musik der Barockzeit und widme mich seitdem intensiv dem Spiel der Barockgitarre. Die Feinheit, Intimit\u00e4t und die pr\u00e4zise Interpretation dieser Musik entsprechen meinen pers\u00f6nlichen Vorstellungen des Gitarrenspiels und er\u00f6ffnen mir einen weiteren musikalischen Ausdrucksraum. <\/p>\n\n\n\n<p class=\"has-white-color has-text-color\">Ich sch\u00e4tze mich gl\u00fccklich meinen Traum &#8211; ein Leben in Musik &#8211; zu verwirklichen und andere Menschen in einer lauten Zeit mit leisen Kl\u00e4ngen ber\u00fchren zu d\u00fcrfen.<\/p>\n","protected":false},"excerpt":{"rendered":"<p>Meine tiefe Liebe zur Musik und mein musikalischer Lebensweg begr\u00fcndet sich auf einen Erweckungsmoment, den ich im Alter von drei Jahren in einer H\u00f6hle in Mallorca erlebte: Inmitten der mystischen Landschaft der Tropfsteinh\u00f6hle Coves d\u02cbArt\u00e0 erklang die Musik eines Saiteninstruments und ber\u00fchrte mein Herz und meine Seele derart, dass ich mir von da an gewiss [&hellip;]<\/p>\n","protected":false},"author":1,"featured_media":0,"parent":0,"menu_order":0,"comment_status":"closed","ping_status":"closed","template":"","meta":{"footnotes":""},"class_list":["post-24","page","type-page","status-publish","hentry"],"_links":{"self":[{"href":"https:\/\/www.tanjaknoblauch.com\/index.php\/wp-json\/wp\/v2\/pages\/24","targetHints":{"allow":["GET"]}}],"collection":[{"href":"https:\/\/www.tanjaknoblauch.com\/index.php\/wp-json\/wp\/v2\/pages"}],"about":[{"href":"https:\/\/www.tanjaknoblauch.com\/index.php\/wp-json\/wp\/v2\/types\/page"}],"author":[{"embeddable":true,"href":"https:\/\/www.tanjaknoblauch.com\/index.php\/wp-json\/wp\/v2\/users\/1"}],"replies":[{"embeddable":true,"href":"https:\/\/www.tanjaknoblauch.com\/index.php\/wp-json\/wp\/v2\/comments?post=24"}],"version-history":[{"count":18,"href":"https:\/\/www.tanjaknoblauch.com\/index.php\/wp-json\/wp\/v2\/pages\/24\/revisions"}],"predecessor-version":[{"id":193,"href":"https:\/\/www.tanjaknoblauch.com\/index.php\/wp-json\/wp\/v2\/pages\/24\/revisions\/193"}],"wp:attachment":[{"href":"https:\/\/www.tanjaknoblauch.com\/index.php\/wp-json\/wp\/v2\/media?parent=24"}],"curies":[{"name":"wp","href":"https:\/\/api.w.org\/{rel}","templated":true}]}}